 millions digit of 692003535?
2
What is the hundreds digit of 54598313?
3
What is the ten thousands digit of 82234167?
3
What is the hundred millions digit of 562493719?
5
What is the units digit of 339998715?
5
What is the tens digit of 104747548?
4
What is the millions digit of 16442921?
6
What is the millions digit of 41531734?
1
What is the hundred thousands digit of 23208320?
2
What is the hundred millions digit of 3424432828?
4
What is the thousands digit of 28194703?
4
What is the tens digit of 1204835043?
4
What is the ten millions digit of 29059132?
2
What is the hundred thousands digit of 297112005?
1
What is the hundreds digit of 19174564?
5
What is the hundreds digit of 1541832810?
8
What is the millions digit of 327143311?
7
What is the hundreds digit of 4150363641?
6
What is the units digit of 402405121?
1
What is the tens digit of 228698933?
3
What is the tens digit of 260074773?
7
What is the units digit of 47913898?
8
What is the millions digit of 43549667?
3
What is the thousands digit of 897023642?
3
What is the tens digit of 78344048?
4
What is the hundreds digit of 93459500?
5
What is the hundred thousands digit of 282711644?
7
What is the ten thousands digit of 603453874?
5
What is the ten millions digit of 64663834?
6
What is the ten millions digit of 102881494?
0
What is the units digit of 17870242?
2
What is the millions digit of 857922024?
7
What is the hundred thousands digit of 291626617?
6
What is the ten thousands digit of 290939803?
3
What is the millions digit of 15754257?
5
What is the units digit of 1817997667?
7
What is the tens digit of 32397159?
5
What is the tens digit of 900199743?
4
What is the units digit of 175106916?
6
What is the millions digit of 268607800?
8
What is the tens digit of 106643504?
0
What is the units digit of 18549609?
9
What is the hundred thousands digit of 237979236?
9
What is the units digit of 1316289568?
8
What is the hundred millions digit of 145481435?
1
What is the billions digit of 2215000992?
2
What is the billions digit of 1014095410?
1
What is the tens digit of 127194096?
9
What is the hundred millions digit of 6641860654?
6
What is the ten thousands digit of 15584502?
8
What is the millions digit of 357724757?
7
What is the units digit of 309498615?
5
What is the hundreds digit of 279639411?
4
What is the millions digit of 3956488829?
6
What is the ten thousands digit of 2937587062?
8
What is the hundred thousands digit of 778659031?
6
What is the thousands digit of 39292819?
2
What is the hundred millions digit of 828098823?
8
What is the millions digit of 504115650?
4
What is the ten millions digit of 29991965?
2
What is the units digit of 2512764532?
2
What is the hundreds digit of 68231082?
0
What is the thousands digit of 2901843417?
3
What is the units digit of 9061716388?
8
What is the thousands digit of 823057458?
7
What is the hundreds digit of 1992071306?
3
What is the units digit of 35907996?
6
What is the thousands digit of 1930726913?
6
What is the ten millions digit of 72864593?
7
What is the ten millions digit of 690299683?
9
What is the tens digit of 14211631?
3
What is the ten millions digit of 2012138631?
1
What is the ten thousands digit of 856875779?
7
What is the millions digit of 30760479?
0
What is the units digit of 38388645?
5
What is the ten thousands digit of 35383925?
8
What is the ten millions digit of 433195787?
3
What is the units digit of 233306177?
7
What is the ten millions digit of 108968105?
0
What is the ten thousands digit of 26995771?
9
What is the tens digit of 371157618?
1
What is the hundred thousands digit of 908381282?
3
What is the thousands digit of 1241526670?
6
What is the hundreds digit of 1178047250?
2
What is the millions digit of 36550837?
6
What is the millions digit of 567519026?
7
What is the ten thousands digit of 528712908?
1
What is the millions digit of 745321465?
5
What is the millions digit of 2792176575?
2
What is the thousands digit of 95565211?
5
What is the tens digit of 46077992?
9
What is the ten millions digit of 13753073?
1
What is the millions digit of 283625194?
3
What is the ten millions digit of 101703255?
0
What is the millions digit of 38118368?
8
What is the ten thousands digit of 44492590?
9
What is the thousands digit of 165314139?
4
What is the millions digit of 22092344?
2
What is the ten millions digit of 31524051?
3
What is the hundred thousands digit of 2441959826?
9
What is the tens digit of 3209005952?
5
What is the hundred thousands digit of 2026079104?
0
What is the ten millions digit of 423417294?
2
What is the billions digit of 4563835929?
4
What is the millions digit of 156620135?
6
What is the ten millions digit of 321983638?
2
What is the hundreds digit of 47672682?
6
What is the ten thousands digit of 235051405?
5
What is the units digit of 46947416?
6
What is the ten millions digit of 4593721802?
9
What is the hundred thousands digit of 387219948?
2
What is the units digit of 211836921?
1
What is the hundreds digit of 94911810?
8
What is the thousands digit of 624361676?
1
What is the hundreds digit of 6143103824?
8
What is the hundred thousands digit of 99346840?
3
What is the ten millions digit of 45328372?
4
What is the tens digit of 139007064?
6
What is the tens digit of 111575603?
0
What is the thousands digit of 816815143?
5
What is the tens digit of 183245411?
1
What is the units digit of 389661369?
9
What is the ten thousands digit of 388897297?
9
What is the thousands digit of 15179412?
9
What is the hundred thousands digit of 376141507?
1
What is the units digit of 215654605?
5
What is the ten millions digit of 5980706348?
8
What is the thousands digit of 410984768?
4
What is the thousands digit of 131945077?
5
What is the millions digit of 2462318585?
2
What is the thousands digit of 476427710?
7
What is the tens digit of 2576648419?
1
What is the millions digit of 896398789?
6
What is the hundreds digit of 1495986922?
9
What is the tens digit of 307135337?
3
What is the ten thousands digit of 118987221?
8
What is the millions digit of 563497079?
3
What is the hundred thousands digit of 31580826?
5
What is the millions digit of 3670568841?
0
What is the hundreds digit of 2369511256?
2
What is the ten thousands digit of 601797632?
9
What is the millions digit of 36645398?
6
What is the ten millions digit of 95686565?
9
What is the ten thousands digit of 54220011?
2
What is the hundreds digit of 40323341?
3
What is the tens digit of 1715722362?
6
What is the tens digit of 245693043?
4
What is the hundreds digit of 20141041?
0
What is the hundred millions digit of 414207920?
4
What is the millions digit of 26351156?
6
What is the ten thousands digit of 59103110?
0
What is the units digit of 71350143?
3
What is the hundreds digit of 3138382433?
4
What is the units digit of 23677151?
1
What is the thousands digit of 95505743?
5
What is the hundreds digit of 101654702?
7
What is the hundred thousands digit of 411538058?
5
What is the hundreds digit of 83951897?
8
What is the tens digit of 29539259?
5
What is the hundreds digit of 749346237?
2
What is the millions digit of 58979846?
8
What is the millions digit of 104432201?
4
What is the ten thousands digit of 75692630?
9
What is the thousands digit of 548257920?
7
What is the tens digit of 2142483?
8
What is the thousands digit of 258639117?
9
What is the thousands digit of 3954082204?
2
What is the tens digit of 36062236?
3
What is the millions digit of 50819031?
0
What is the ten millions digit of 796472393?
9
What is the ten thousands digit of 2511752910?
5
What is the tens digit of 7932059?
5
What is the billions digit of 1707069998?
1
What is the ten thousands digit of 19781544?
8
What is the hundred thousands digit of 2736132143?
1
What is the ten millions digit of 2864195340?
6
What is the millions digit of 20270277?
0
What is the units digit of 92194102?
2
What is the billions digit of 5578007650?
5
What is the hundred thousands digit of 50475779?
4
What is the hundred thousands digit of 604263343?
2
What is the billions digit of 5243935954?
5
What is the ten millions digit of 78648210?
7
What is the hundreds digit of 626256787?
7
What is the hundreds digit of 53992930?
9
What is the ten thousands digit of 983